r when 7609709 is divided by 581.
352
Calculate the remainder when 546008 is divided by 409.
402
What is the remainder when 7177008 is divided by 6?
0
What is the remainder when 2998678 is divided by 44?
34
Calculate the remainder when 743922 is divided by 82655.
27
What is the remainder when 1599511 is divided by 63974?
161
Calculate the remainder when 4319835 is divided by 1439932.
39
Calculate the remainder when 98353 is divided by 16339.
319
What is the remainder when 753949 is divided by 2327?
1
Calculate the remainder when 28817271 is divided by 576.
567
What is the remainder when 4541425 is divided by 450?
25
Calculate the remainder when 1037003 is divided by 345597.
212
Calculate the remainder when 87136 is divided by 3003.
49
What is the remainder when 10401382 is divided by 5200677?
28
What is the remainder when 14630294 is divided by 54186?
74
Calculate the remainder when 87667692 is divided by 7305639.
24
Calculate the remainder when 53602 is divided by 25928.
1746
What is the remainder when 1096454 is divided by 814?
810
Calculate the remainder when 144539428 is divided by 35.
33
What is the remainder when 65603 is divided by 518?
335
What is the remainder when 742146 is divided by 2240?
706
Calculate the remainder when 536472 is divided by 41265.
27
Calculate the remainder when 25406 is divided by 1290.
896
What is the remainder when 7493368 is divided by 847?
806
Calculate the remainder when 712364 is divided by 50881.
30
Calculate the remainder when 20991093 is divided by 378.
375
What is the remainder when 62893 is divided by 12545?
168
What is the remainder when 532273552 is divided by 2151?
2149
What is the remainder when 6968696 is divided by 126703?
31
What is the remainder when 818187 is divided by 1053?
6
What is the remainder when 31419879 is divided by 1580?
1579
What is the remainder when 3451022 is divided by 1150057?
851
What is the remainder when 7975186 is divided by 468?
466
Calculate the remainder when 4556151 is divided by 970.
61
Calculate the remainder when 5751506 is divided by 233.
134
Calculate the remainder when 289070 is divided by 143205.
2660
What is the remainder when 10245428 is divided by 3415092?
152
What is the remainder when 23925263 is divided by 3987529?
89
Calculate the remainder when 3448115 is divided by 252.
251
What is the remainder when 151959 is divided by 1708?
1655
What is the remainder when 75792 is divided by 63?
3
What is the remainder when 62618402 is divided by 10?
2
Calculate the remainder when 197905956 is divided by 1220.
1216
What is the remainder when 189755598 is divided by 65?
58
Calculate the remainder when 189836 is divided by 492.
416
What is the remainder when 3206949 is divided by 4448?
4389
Calculate the remainder when 1510944 is divided by 83938.
60
Calculate the remainder when 13465329 is divided by 1150.
1129
What is the remainder when 158140314 is divided by 27?
18
Calculate the remainder when 46890 is divided by 2362.
2012
What is the remainder when 1682788 is divided by 170?
128
Calculate the remainder when 1304598 is divided by 1302.
1296
What is the remainder when 443229 is divided by 1818?
1455
What is the remainder when 1182056716 is divided by 698?
696
What is the remainder when 14300 is divided by 14299?
1
Calculate the remainder when 94409 is divided by 94099.
310
What is the remainder when 520503 is divided by 111?
24
Calculate the remainder when 44724 is divided by 63.
57
What is the remainder when 1945109 is divided by 27?
2
What is the remainder when 90971291 is divided by 40?
11
What is the remainder when 5924523 is divided by 123?
105
Calculate the remainder when 4936844 is divided by 1176.
1172
What is the remainder when 23136908 is divided by 49650?
8
Calculate the remainder when 4652240 is divided by 14911.
8
What is the remainder when 1767417 is divided by 2686?
29
What is the remainder when 770 is divided by 443?
327
Calculate the remainder when 1719021 is divided by 3681.
3675
Calculate the remainder when 1966770 is divided by 192.
114
What is the remainder when 169330 is divided by 3541?
2903
Calculate the remainder when 22775 is divided by 1396.
439
What is the remainder when 315541 is divided by 279?
271
What is the remainder when 250948 is divided by 18?
10
Calculate the remainder when 748626 is divided by 748598.
28
Calculate the remainder when 150952 is divided by 94.
82
Calculate the remainder when 2504597 is divided by 206.
49
What is the remainder when 200681469 is divided by 1424?
1421
Calculate the remainder when 3252 is divided by 3176.
76
What is the remainder when 236962 is divided by 2688?
418
What is the remainder when 4262968 is divided by 710457?
226
Calculate the remainder when 406199 is divided by 27070.
149
What is the remainder when 15625939 is divided by 1139?
1137
Calculate the remainder when 878087 is divided by 39912.
23
Calculate the remainder when 2993473 is divided by 41574.
145
What is the remainder when 112374 is divided by 3220?
2894
What is the remainder when 658269 is divided by 784?
493
Calculate the remainder when 9146739 is divided by 558.
3
What is the remainder when 4231117 is divided by 1057770?
37
What is the remainder when 364950280 is divided by 735?
730
Calculate the remainder when 8997467 is divided by 35.
17
What is the remainder when 188479069 is divided by 298?
29
What is the remainder when 48765 is divided by 7027?
6603
What is the remainder when 33642 is divided by 111?
9
Calculate the remainder when 778520 is divided by 247.
223
What is the remainder when 27476568 is divided by 3454?
3452
What is the remainder when 7126 is divided by 356?
6
What is the remainder when 25078876 is divided by 926?
18
Calculate the remainder when 288486 is divided by 824.
86
Calculate the remainder when 49068442 is divided by 3365.
12
Calculate the remainder when 752780 is divided by 8.
4
Calculate the remainder when 530799 is divided by 5371.
4441
What is the remainder when 367542 is divided by 177?
90
What is the remainder when 1568746 is divided by 2497?
630
What is the remainder when 19007602 is divided by 400?
2
What is the remainder when 60613639 is divided by 727?
14
What is the remainder when 4918964 is divided by 324?
320
Calculate the remainder when 7445 is divided by 734.
105
Calculate the remainder when 2450358 is divided by 274.
250
What is the remainder when 77752797 is divided by 31?
23
What is the remainder when 1191161 is divided by 66?
59
What is the remainder when 94324184 is divided by 47162085?
14
What is the remainder when 10649459 is divided by 1478?
469
Calculate the remainder when 13673157 is divided by 76.
73
What is the remainder when 478388 is divided by 531?
488
Calculate the remainder when 1921033 is divided by 23144.
81
Calculate the remainder when 336387 is divided by 13455.
12
What is the remainder when 187145 is divided by 20781?
116
Calculate the remainder when 80420 is divided by 1440.
1220
Calculate the remainder when 145117 is divided by 1107.
100
What is the remainder when 4553508 is divided by 413954?
14
Calculate the remainder when 19984281 is divided by 85.
16
Calculate the remainder when 781939053 is divided by 691.
689
What is the remainder when 5941491 is divided by 1138?
1131
What is the remainder when 45578 is divided by 22299?
980
What is the remainder when 11798378 is divided by 1028?
22
Calculate the remainder when 210582 is divided by 139.
136
Calculate the remainder when 297879 is divided by 148902.
75
What is the remainder when 87935 is divided by 3801?
512
Calculate the remainder when 26594988 is divided by 1125.
1113
Calculate the remainder when 48798 is divided by 4351.
937
What is the remainder when 7283253 is divided by 728324?
13
What is the remainder when 1691286 is divided by 35?
16
What is the remainder when 3201091 is divided by 885?
46
What is the remainder when 9497228 is divided by 41838?
2
What is the remainder when 14799693 is divided by 17939?
18
What is the remainder when 92766360 is divided by 154?
148
What is the remainder when 156014 is divided by 46?
28
What is the remainder when 1231715 is divided by 14292?
2603
What is the remainder when 171446 is divided by 35?
16
What is the remainder when 16127489 is divided by 1848?
1841
Calculate